310 and 16060.
110
Calculate the highest common divisor of 1885916 and 248.
124
Calculate the greatest common factor of 8448 and 4992.
384
Calculate the greatest common factor of 1398670 and 70.
70
Calculate the highest common factor of 5372 and 2924.
68
Calculate the greatest common factor of 60 and 128952.
12
What is the greatest common divisor of 2397 and 6885?
51
What is the highest common factor of 26779 and 488?
61
Calculate the highest common factor of 4554 and 39813.
69
Calculate the greatest common factor of 370 and 160210.
370
What is the greatest common divisor of 800 and 48160?
160
Calculate the highest common factor of 71 and 540097.
71
Calculate the highest common divisor of 2522 and 36181.
97
Calculate the highest common factor of 28 and 2786.
14
Calculate the greatest common divisor of 311 and 230140.
311
What is the greatest common factor of 276 and 674636?
92
What is the highest common divisor of 6 and 1126179?
3
What is the greatest common divisor of 29795 and 6565?
505
What is the highest common divisor of 133 and 7637?
7
What is the highest common factor of 4416 and 874?
46
What is the highest common divisor of 200 and 19375?
25
What is the highest common divisor of 209 and 4485558?
209
What is the greatest common divisor of 1770673 and 103?
103
Calculate the greatest common factor of 11 and 1717661.
11
Calculate the greatest common factor of 4628 and 1424.
356
Calculate the greatest common factor of 84937 and 31871.
157
What is the greatest common divisor of 2436399 and 567?
567
Calculate the greatest common divisor of 345 and 29555.
115
Calculate the highest common factor of 576 and 72288.
288
Calculate the highest common factor of 19941 and 2001.
69
What is the greatest common divisor of 58320 and 756?
108
Calculate the highest common factor of 93404 and 418.
38
Calculate the greatest common divisor of 2310 and 19745.
55
Calculate the greatest common divisor of 203813 and 901.
17
Calculate the greatest common factor of 48896 and 191.
191
Calculate the highest common divisor of 11382 and 2460409.
1897
What is the highest common divisor of 77 and 1316623?
77
What is the greatest common divisor of 5604 and 24?
12
What is the highest common divisor of 3811 and 6798?
103
Calculate the highest common divisor of 159 and 261555.
159
What is the greatest common divisor of 8704 and 78880?
544
Calculate the highest common divisor of 285 and 9075.
15
What is the greatest common divisor of 1348654 and 246?
82
Calculate the greatest common factor of 114 and 568746.
114
Calculate the greatest common factor of 280 and 532200.
40
Calculate the highest common factor of 7743 and 7047.
87
Calculate the greatest common factor of 98 and 42238.
98
What is the greatest common factor of 479709 and 18?
9
What is the greatest common factor of 16362 and 438?
6
Calculate the greatest common divisor of 209 and 148162.
19
Calculate the highest common factor of 265850 and 520.
130
What is the greatest common divisor of 455 and 11?
1
Calculate the highest common factor of 251 and 384532.
251
Calculate the highest common divisor of 87486 and 63.
21
What is the highest common factor of 67 and 1675?
67
What is the greatest common factor of 150484 and 59751?
2213
What is the greatest common divisor of 609 and 3031?
7
Calculate the highest common factor of 86494 and 59.
59
What is the greatest common divisor of 32 and 57728?
32
Calculate the highest common divisor of 173 and 46537.
173
Calculate the highest common factor of 36 and 170700.
12
What is the highest common factor of 3293336 and 8?
8
Calculate the greatest common factor of 123205 and 1845.
205
What is the highest common factor of 29652 and 336?
84
Calculate the highest common factor of 60415 and 1075.
215
Calculate the highest common divisor of 1063216 and 1008.
112
What is the greatest common divisor of 8401 and 4867?
31
Calculate the highest common divisor of 150324 and 12.
12
What is the highest common factor of 42444 and 156?
12
What is the highest common factor of 53292 and 12?
12
What is the highest common factor of 239900 and 100?
100
What is the greatest common divisor of 42 and 1002?
6
What is the greatest common divisor of 227461 and 533?
13
Calculate the highest common divisor of 1963 and 65.
13
What is the greatest common factor of 2354986 and 386?
386
What is the greatest common divisor of 71683 and 97?
97
What is the greatest common divisor of 369 and 15621?
123
What is the greatest common divisor of 25250 and 4545?
505
Calculate the highest common factor of 1524 and 162.
6
Calculate the greatest common factor of 189016 and 8.
8
What is the highest common divisor of 27 and 443511?
9
Calculate the highest common factor of 85 and 4641.
17
Calculate the greatest common divisor of 778 and 53293.
389
What is the highest common divisor of 9827 and 93?
31
What is the greatest common factor of 115552 and 437?
23
Calculate the greatest common divisor of 182332 and 1264.
316
Calculate the highest common divisor of 884448 and 9472.
1184
Calculate the greatest common factor of 566 and 16.
2
What is the greatest common factor of 2 and 177?
1
Calculate the highest common divisor of 857359 and 3295.
659
Calculate the highest common factor of 25050 and 92184.
1002
Calculate the highest common factor of 749 and 357.
7
What is the greatest common factor of 1756624 and 176?
16
Calculate the highest common divisor of 95052 and 48.
12
Calculate the greatest common divisor of 409 and 176279.
409
What is the greatest common divisor of 66 and 228126?
6
Calculate the greatest common divisor of 24 and 160976.
8
Calculate the greatest common divisor of 636 and 336.
12
What is the highest common factor of 21909 and 402?
201
What is the greatest common factor of 23553 and 1?
1
Calculate the highest common factor of 603495 and 90.
45
Calculate the highest common divisor of 16244 and 1612.
124
What is the highest common divisor of 522 and 6656?
2
Calculate the greatest common factor of 6600 and 216.
24
Calculate the highest common divisor of 9531 and 243.
27
Calculate the highest common divisor of 3446129 and 6485.
1297
Calculate the highest common divisor of 762100 and 10.
10
Calculate the greatest common factor of 10088 and 208.
104
Calculate the highest common divisor of 59 and 2386491.
59
What is the greatest common factor of 69762 and 119196?
462
Calculate the greatest common divisor of 10 and 17095.
5
What is the highest common factor of 34 and 7235387?
17
What is the highest common factor of 2409 and 362153?
803
What is the greatest common divisor of 1652012 and 57?
19
What is the highest common divisor of 664991 and 1961?
53
What is the highest common factor of 4329 and 3848?
481
What is the greatest common factor of 4964 and 5840?
292
Calculate the highest common factor of 15151 and 981.
109
What is the greatest common factor of 144 and 6889056?
48
What is the highest common factor of 6 and 2091?
3
Calculate the greatest common factor of 88 and 16696.
8
What is the greatest common divisor of 29680 and 1792?
112
What is the highest common factor of 15 and 1185495?
15
What is the highest common factor of 35126 and 910?
182
Calculate the highest common divisor of 538 and 274649.
269
Calculate the highest common factor of 480 and 92760.
120
What is the highest common divisor of 392 and 2681?
7
Calculate the highest common divisor of 210 and 5334.
42
What is the greatest common factor of 104728 and 12692?
76
Calculate the highest common divisor of 435160 and 1840.
920
What is the highest common divisor of 4 and 27162?
2
Calculate the greatest common divisor of 213073 and 427.
427
Calculate the highest common divisor of 2112 and 495168.
192
Calculate the greatest common divisor of 831089 and 343.
343
Calculate the greatest common factor of 4376 and 623033.
547
Calculate the greatest common divisor of 300 and 156400.
100
What is the highest common factor of 451255 and 175?
35
Calculate the highest common divisor of 435 and 33582.
87
Calculate the highest common factor of 600 and 7725.
75
Calculate the greatest common divisor of 7884 and 56283.
219
Calculate the highest common factor of 986 and 9802.
58
What is the greatest common factor of 2258 and 5079371?
1129
Calculate the greatest common divisor of 872